{"id":1203,"date":"2022-04-11T21:34:33","date_gmt":"2022-04-11T20:34:33","guid":{"rendered":"https:\/\/dimedcare.fr\/wordpress\/?page_id=1203"},"modified":"2023-04-06T14:08:32","modified_gmt":"2023-04-06T13:08:32","slug":"implants-cardiaques","status":"publish","type":"page","link":"https:\/\/dimedcare.fr\/wordpress\/index.php\/implants-cardiaques\/","title":{"rendered":"Implants cardiaques"},"content":{"rendered":"\t\t<div data-elementor-type=\"wp-page\" data-elementor-id=\"1203\" class=\"elementor elementor-1203\">\n\t\t\t\t\t\t<section class=\"elementor-section elementor-top-section elementor-element elementor-element-7be4335 elementor-section-boxed elementor-section-height-default elementor-section-height-default\" data-id=\"7be4335\" data-element_type=\"section\" data-e-type=\"section\">\n\t\t\t\t\t\t<div class=\"elementor-container elementor-column-gap-default\">\n\t\t\t\t\t<div class=\"elementor-column elementor-col-100 elementor-top-column elementor-element elementor-element-efde9a7\" data-id=\"efde9a7\" data-element_type=\"column\" data-e-type=\"column\">\n\t\t\t<div class=\"elementor-widget-wrap elementor-element-populated\">\n\t\t\t\t\t\t<div class=\"elementor-element elementor-element-bff3feb elementor-widget elementor-widget-heading\" data-id=\"bff3feb\" data-element_type=\"widget\" data-e-type=\"widget\" data-widget_type=\"heading.default\">\n\t\t\t\t<div class=\"elementor-widget-container\">\n\t\t\t\t\t<h2 class=\"elementor-heading-title elementor-size-default\">Implants cardiaques<\/h2>\t\t\t\t<\/div>\n\t\t\t\t<\/div>\n\t\t\t\t<div class=\"elementor-element elementor-element-ac7a806 elementor-widget elementor-widget-spacer\" data-id=\"ac7a806\" data-element_type=\"widget\" data-e-type=\"widget\" data-widget_type=\"spacer.default\">\n\t\t\t\t<div class=\"elementor-widget-container\">\n\t\t\t\t\t\t\t<div class=\"elementor-spacer\">\n\t\t\t<div class=\"elementor-spacer-inner\"><\/div>\n\t\t<\/div>\n\t\t\t\t\t\t<\/div>\n\t\t\t\t<\/div>\n\t\t\t\t\t<\/div>\n\t\t<\/div>\n\t\t\t\t\t<\/div>\n\t\t<\/section>\n\t\t\t\t<section class=\"elementor-section elementor-top-section elementor-element elementor-element-51b10d4 elementor-section-boxed elementor-section-height-default elementor-section-height-default\" data-id=\"51b10d4\" data-element_type=\"section\" data-e-type=\"section\">\n\t\t\t\t\t\t<div class=\"elementor-container elementor-column-gap-default\">\n\t\t\t\t\t<div class=\"elementor-column elementor-col-33 elementor-top-column elementor-element elementor-element-f83e056\" data-id=\"f83e056\" data-element_type=\"column\" data-e-type=\"column\">\n\t\t\t<div class=\"elementor-widget-wrap elementor-element-populated\">\n\t\t\t\t\t\t<div class=\"elementor-element elementor-element-41011ef elementor-widget elementor-widget-image\" data-id=\"41011ef\" data-element_type=\"widget\" data-e-type=\"widget\" data-widget_type=\"image.default\">\n\t\t\t\t<div class=\"elementor-widget-container\">\n\t\t\t\t\t\t\t\t\t\t\t\t\t\t\t<img fetchpriority=\"high\" decoding=\"async\" width=\"249\" height=\"300\" src=\"https:\/\/dimedcare.fr\/wordpress\/wp-content\/uploads\/2022\/04\/konar-mf1-249x300.jpg\" class=\"attachment-medium size-medium wp-image-1198\" alt=\"\" srcset=\"https:\/\/dimedcare.fr\/wordpress\/wp-content\/uploads\/2022\/04\/konar-mf1-249x300.jpg 249w, https:\/\/dimedcare.fr\/wordpress\/wp-content\/uploads\/2022\/04\/konar-mf1-849x1024.jpg 849w, https:\/\/dimedcare.fr\/wordpress\/wp-content\/uploads\/2022\/04\/konar-mf1-768x926.jpg 768w, https:\/\/dimedcare.fr\/wordpress\/wp-content\/uploads\/2022\/04\/konar-mf1-1274x1536.jpg 1274w, https:\/\/dimedcare.fr\/wordpress\/wp-content\/uploads\/2022\/04\/konar-mf1-1698x2048.jpg 1698w\" sizes=\"(max-width: 249px) 100vw, 249px\" \/>\t\t\t\t\t\t\t\t\t\t\t\t\t\t\t<\/div>\n\t\t\t\t<\/div>\n\t\t\t\t\t<\/div>\n\t\t<\/div>\n\t\t\t\t<div class=\"elementor-column elementor-col-66 elementor-top-column elementor-element elementor-element-f6efb4b\" data-id=\"f6efb4b\" data-element_type=\"column\" data-e-type=\"column\">\n\t\t\t<div class=\"elementor-widget-wrap elementor-element-populated\">\n\t\t\t\t\t\t<div class=\"elementor-element elementor-element-69c3ced elementor-widget elementor-widget-heading\" data-id=\"69c3ced\" data-element_type=\"widget\" data-e-type=\"widget\" data-widget_type=\"heading.default\">\n\t\t\t\t<div class=\"elementor-widget-container\">\n\t\t\t\t\t<h2 class=\"elementor-heading-title elementor-size-medium\">Implant pour la fermeture multifonctionnelle <\/h2>\t\t\t\t<\/div>\n\t\t\t\t<\/div>\n\t\t\t\t<div class=\"elementor-element elementor-element-ac0add4 elementor-widget elementor-widget-text-editor\" data-id=\"ac0add4\" data-element_type=\"widget\" data-e-type=\"widget\" data-widget_type=\"text-editor.default\">\n\t\t\t\t<div class=\"elementor-widget-container\">\n\t\t\t\t\t\t\t\t\t<p>MFO Konar<\/p><p>Le MFO est un implant en Nitinol avec des fibres de polyester, con\u00e7u et d\u00e9velopp\u00e9 pour \u00eatre multi-fonctionnel. Il est utilis\u00e9 notamment pour l\u2019occlusion des Communications interventriculaires musculaires et p\u00e9rimembraneuses.<\/p>\t\t\t\t\t\t\t\t<\/div>\n\t\t\t\t<\/div>\n\t\t\t\t\t<\/div>\n\t\t<\/div>\n\t\t\t\t\t<\/div>\n\t\t<\/section>\n\t\t\t\t<section class=\"elementor-section elementor-top-section elementor-element elementor-element-b616155 elementor-section-boxed elementor-section-height-default elementor-section-height-default\" data-id=\"b616155\" data-element_type=\"section\" data-e-type=\"section\">\n\t\t\t\t\t\t<div class=\"elementor-container elementor-column-gap-default\">\n\t\t\t\t\t<div class=\"elementor-column elementor-col-66 elementor-top-column elementor-element elementor-element-d153c13\" data-id=\"d153c13\" data-element_type=\"column\" data-e-type=\"column\">\n\t\t\t<div class=\"elementor-widget-wrap elementor-element-populated\">\n\t\t\t\t\t\t<div class=\"elementor-element elementor-element-6eb93d9 elementor-widget elementor-widget-heading\" data-id=\"6eb93d9\" data-element_type=\"widget\" data-e-type=\"widget\" data-widget_type=\"heading.default\">\n\t\t\t\t<div class=\"elementor-widget-container\">\n\t\t\t\t\t<h2 class=\"elementor-heading-title elementor-size-medium\">Lambre syst\u00e8me d'occlusion de l\u2019auricule gauche<\/h2>\t\t\t\t<\/div>\n\t\t\t\t<\/div>\n\t\t\t\t<div class=\"elementor-element elementor-element-d47eaa4 elementor-widget elementor-widget-text-editor\" data-id=\"d47eaa4\" data-element_type=\"widget\" data-e-type=\"widget\" data-widget_type=\"text-editor.default\">\n\t\t\t\t<div class=\"elementor-widget-container\">\n\t\t\t\t\t\t\t\t\t<p>Le Lambre est un implant en Nitinol avec des fibres de polyester, con\u00e7u et d\u00e9velopp\u00e9 pour l\u2019occlusion de l\u2019auricule gauche par voie endovasculaire. Il s\u2019utilise dans des morphologies vari\u00e9es d\u2019auricule.<\/p>\t\t\t\t\t\t\t\t<\/div>\n\t\t\t\t<\/div>\n\t\t\t\t\t<\/div>\n\t\t<\/div>\n\t\t\t\t<div class=\"elementor-column elementor-col-33 elementor-top-column elementor-element elementor-element-d202d55\" data-id=\"d202d55\" data-element_type=\"column\" data-e-type=\"column\">\n\t\t\t<div class=\"elementor-widget-wrap elementor-element-populated\">\n\t\t\t\t\t\t<div class=\"elementor-element elementor-element-c702fc9 elementor-widget elementor-widget-image\" data-id=\"c702fc9\" data-element_type=\"widget\" data-e-type=\"widget\" data-widget_type=\"image.default\">\n\t\t\t\t<div class=\"elementor-widget-container\">\n\t\t\t\t\t\t\t\t\t\t\t\t\t\t\t<img decoding=\"async\" width=\"224\" height=\"206\" src=\"https:\/\/dimedcare.fr\/wordpress\/wp-content\/uploads\/2022\/11\/2lambre-transparent1.png\" class=\"attachment-large size-large wp-image-1499\" alt=\"\" \/>\t\t\t\t\t\t\t\t\t\t\t\t\t\t\t<\/div>\n\t\t\t\t<\/div>\n\t\t\t\t\t<\/div>\n\t\t<\/div>\n\t\t\t\t\t<\/div>\n\t\t<\/section>\n\t\t\t\t<section class=\"elementor-section elementor-top-section elementor-element elementor-element-03a4969 elementor-section-boxed elementor-section-height-default elementor-section-height-default\" data-id=\"03a4969\" data-element_type=\"section\" data-e-type=\"section\">\n\t\t\t\t\t\t<div class=\"elementor-container elementor-column-gap-default\">\n\t\t\t\t\t<div class=\"elementor-column elementor-col-33 elementor-top-column elementor-element elementor-element-8748ab7\" data-id=\"8748ab7\" data-element_type=\"column\" data-e-type=\"column\">\n\t\t\t<div class=\"elementor-widget-wrap elementor-element-populated\">\n\t\t\t\t\t\t<div class=\"elementor-element elementor-element-ec07a58 elementor-widget elementor-widget-image\" data-id=\"ec07a58\" data-element_type=\"widget\" data-e-type=\"widget\" data-widget_type=\"image.default\">\n\t\t\t\t<div class=\"elementor-widget-container\">\n\t\t\t\t\t\t\t\t\t\t\t\t\t\t\t<img decoding=\"async\" width=\"200\" height=\"300\" src=\"https:\/\/dimedcare.fr\/wordpress\/wp-content\/uploads\/2022\/11\/Ceraflex-asd-200x300.jpg\" class=\"attachment-medium size-medium wp-image-1455\" alt=\"\" srcset=\"https:\/\/dimedcare.fr\/wordpress\/wp-content\/uploads\/2022\/11\/Ceraflex-asd-200x300.jpg 200w, https:\/\/dimedcare.fr\/wordpress\/wp-content\/uploads\/2022\/11\/Ceraflex-asd-683x1024.jpg 683w, https:\/\/dimedcare.fr\/wordpress\/wp-content\/uploads\/2022\/11\/Ceraflex-asd-768x1152.jpg 768w, https:\/\/dimedcare.fr\/wordpress\/wp-content\/uploads\/2022\/11\/Ceraflex-asd-1024x1536.jpg 1024w, https:\/\/dimedcare.fr\/wordpress\/wp-content\/uploads\/2022\/11\/Ceraflex-asd-scaled.jpg 1707w\" sizes=\"(max-width: 200px) 100vw, 200px\" \/>\t\t\t\t\t\t\t\t\t\t\t\t\t\t\t<\/div>\n\t\t\t\t<\/div>\n\t\t\t\t\t<\/div>\n\t\t<\/div>\n\t\t\t\t<div class=\"elementor-column elementor-col-66 elementor-top-column elementor-element elementor-element-9c52baa\" data-id=\"9c52baa\" data-element_type=\"column\" data-e-type=\"column\">\n\t\t\t<div class=\"elementor-widget-wrap elementor-element-populated\">\n\t\t\t\t\t\t<div class=\"elementor-element elementor-element-53f66f4 elementor-widget elementor-widget-heading\" data-id=\"53f66f4\" data-element_type=\"widget\" data-e-type=\"widget\" data-widget_type=\"heading.default\">\n\t\t\t\t<div class=\"elementor-widget-container\">\n\t\t\t\t\t<h2 class=\"elementor-heading-title elementor-size-medium\">CeraFlex SYSTEME D'OCCLUSION CIA \u2013 CAP<\/h2>\t\t\t\t<\/div>\n\t\t\t\t<\/div>\n\t\t\t\t<div class=\"elementor-element elementor-element-70f0bf5 elementor-widget elementor-widget-text-editor\" data-id=\"70f0bf5\" data-element_type=\"widget\" data-e-type=\"widget\" data-widget_type=\"text-editor.default\">\n\t\t\t\t<div class=\"elementor-widget-container\">\n\t\t\t\t\t\t\t\t\t<p>Les implants CeraFlex\u2122 sont utilis\u00e9s pour le traitement des maladies cong\u00e9nitales cardiaques chez l\u2019enfants, l\u2019adolescent et l\u2019adulte<\/p>\t\t\t\t\t\t\t\t<\/div>\n\t\t\t\t<\/div>\n\t\t\t\t\t<\/div>\n\t\t<\/div>\n\t\t\t\t\t<\/div>\n\t\t<\/section>\n\t\t\t\t<section class=\"elementor-section elementor-top-section elementor-element elementor-element-c966c4f elementor-section-boxed elementor-section-height-default elementor-section-height-default\" data-id=\"c966c4f\" data-element_type=\"section\" data-e-type=\"section\">\n\t\t\t\t\t\t<div class=\"elementor-container elementor-column-gap-default\">\n\t\t\t\t\t<div class=\"elementor-column elementor-col-66 elementor-top-column elementor-element elementor-element-4ef773d\" data-id=\"4ef773d\" data-element_type=\"column\" data-e-type=\"column\">\n\t\t\t<div class=\"elementor-widget-wrap elementor-element-populated\">\n\t\t\t\t\t\t<div class=\"elementor-element elementor-element-5e92d86 elementor-widget elementor-widget-heading\" data-id=\"5e92d86\" data-element_type=\"widget\" data-e-type=\"widget\" data-widget_type=\"heading.default\">\n\t\t\t\t<div class=\"elementor-widget-container\">\n\t\t\t\t\t<h2 class=\"elementor-heading-title elementor-size-medium\">Implant pour la fermeture de foramen oval<\/h2>\t\t\t\t<\/div>\n\t\t\t\t<\/div>\n\t\t\t\t<div class=\"elementor-element elementor-element-dfa3f6f elementor-widget elementor-widget-text-editor\" data-id=\"dfa3f6f\" data-element_type=\"widget\" data-e-type=\"widget\" data-widget_type=\"text-editor.default\">\n\t\t\t\t<div class=\"elementor-widget-container\">\n\t\t\t\t\t\t\t\t\t<p>Ceraflex PFO<\/p><p>Rotation \u00e0 360\u00b0 pour un positionnement pr\u00e9cis et un largage s\u00e9curis\u00e9<\/p><p>Syst\u00e8me pr\u00e9mont\u00e9<\/p>\t\t\t\t\t\t\t\t<\/div>\n\t\t\t\t<\/div>\n\t\t\t\t\t<\/div>\n\t\t<\/div>\n\t\t\t\t<div class=\"elementor-column elementor-col-33 elementor-top-column elementor-element elementor-element-1ea4073\" data-id=\"1ea4073\" data-element_type=\"column\" data-e-type=\"column\">\n\t\t\t<div class=\"elementor-widget-wrap elementor-element-populated\">\n\t\t\t\t\t\t<div class=\"elementor-element elementor-element-b18d659 elementor-widget elementor-widget-image\" data-id=\"b18d659\" data-element_type=\"widget\" data-e-type=\"widget\" data-widget_type=\"image.default\">\n\t\t\t\t<div class=\"elementor-widget-container\">\n\t\t\t\t\t\t\t\t\t\t\t\t\t\t\t<img loading=\"lazy\" decoding=\"async\" width=\"192\" height=\"300\" src=\"https:\/\/dimedcare.fr\/wordpress\/wp-content\/uploads\/2022\/04\/1517bnhd22-192x300.jpg\" class=\"attachment-medium size-medium wp-image-1205\" alt=\"\" srcset=\"https:\/\/dimedcare.fr\/wordpress\/wp-content\/uploads\/2022\/04\/1517bnhd22-192x300.jpg 192w, https:\/\/dimedcare.fr\/wordpress\/wp-content\/uploads\/2022\/04\/1517bnhd22.jpg 513w\" sizes=\"(max-width: 192px) 100vw, 192px\" \/>\t\t\t\t\t\t\t\t\t\t\t\t\t\t\t<\/div>\n\t\t\t\t<\/div>\n\t\t\t\t\t<\/div>\n\t\t<\/div>\n\t\t\t\t\t<\/div>\n\t\t<\/section>\n\t\t\t\t<section class=\"elementor-section elementor-top-section elementor-element elementor-element-ca7a9f3 elementor-section-boxed elementor-section-height-default elementor-section-height-default\" data-id=\"ca7a9f3\" data-element_type=\"section\" data-e-type=\"section\">\n\t\t\t\t\t\t<div class=\"elementor-container elementor-column-gap-default\">\n\t\t\t\t\t<div class=\"elementor-column elementor-col-66 elementor-top-column elementor-element elementor-element-430fc85\" data-id=\"430fc85\" data-element_type=\"column\" data-e-type=\"column\">\n\t\t\t<div class=\"elementor-widget-wrap elementor-element-populated\">\n\t\t\t\t\t\t<div class=\"elementor-element elementor-element-3a76791 elementor-widget elementor-widget-image\" data-id=\"3a76791\" data-element_type=\"widget\" data-e-type=\"widget\" data-widget_type=\"image.default\">\n\t\t\t\t<div class=\"elementor-widget-container\">\n\t\t\t\t\t\t\t\t\t\t\t\t\t\t\t<img loading=\"lazy\" decoding=\"async\" width=\"300\" height=\"279\" src=\"https:\/\/dimedcare.fr\/wordpress\/wp-content\/uploads\/2022\/11\/ceraflex-PDA-300x279.jpg\" class=\"attachment-medium size-medium wp-image-1450\" alt=\"\" srcset=\"https:\/\/dimedcare.fr\/wordpress\/wp-content\/uploads\/2022\/11\/ceraflex-PDA-300x279.jpg 300w, https:\/\/dimedcare.fr\/wordpress\/wp-content\/uploads\/2022\/11\/ceraflex-PDA-1024x951.jpg 1024w, https:\/\/dimedcare.fr\/wordpress\/wp-content\/uploads\/2022\/11\/ceraflex-PDA-768x714.jpg 768w, https:\/\/dimedcare.fr\/wordpress\/wp-content\/uploads\/2022\/11\/ceraflex-PDA-1536x1427.jpg 1536w, https:\/\/dimedcare.fr\/wordpress\/wp-content\/uploads\/2022\/11\/ceraflex-PDA-2048x1903.jpg 2048w\" sizes=\"(max-width: 300px) 100vw, 300px\" \/>\t\t\t\t\t\t\t\t\t\t\t\t\t\t\t<\/div>\n\t\t\t\t<\/div>\n\t\t\t\t\t<\/div>\n\t\t<\/div>\n\t\t\t\t<div class=\"elementor-column elementor-col-33 elementor-top-column elementor-element elementor-element-176bbdd\" data-id=\"176bbdd\" data-element_type=\"column\" data-e-type=\"column\">\n\t\t\t<div class=\"elementor-widget-wrap\">\n\t\t\t\t\t\t\t<\/div>\n\t\t<\/div>\n\t\t\t\t\t<\/div>\n\t\t<\/section>\n\t\t\t\t<\/div>\n\t\t","protected":false},"excerpt":{"rendered":"<p>Implants cardiaques Implant pour la fermeture multifonctionnelle MFO Konar Le MFO est un implant en Nitinol avec des fibres de polyester, con\u00e7u et d\u00e9velopp\u00e9 pour \u00eatre multi-fonctionnel. Il est utilis\u00e9 notamment pour l\u2019occlusion des Communications interventriculaires musculaires et p\u00e9rimembraneuses. Lambre syst\u00e8me d&#8217;occlusion de l\u2019auricule gauche Le Lambre est un implant en Nitinol avec des fibres [&hellip;]<\/p>\n","protected":false},"author":7,"featured_media":0,"parent":0,"menu_order":0,"comment_status":"closed","ping_status":"closed","template":"","meta":{"footnotes":""},"class_list":["post-1203","page","type-page","status-publish","hentry"],"_links":{"self":[{"href":"https:\/\/dimedcare.fr\/wordpress\/index.php\/wp-json\/wp\/v2\/pages\/1203","targetHints":{"allow":["GET"]}}],"collection":[{"href":"https:\/\/dimedcare.fr\/wordpress\/index.php\/wp-json\/wp\/v2\/pages"}],"about":[{"href":"https:\/\/dimedcare.fr\/wordpress\/index.php\/wp-json\/wp\/v2\/types\/page"}],"author":[{"embeddable":true,"href":"https:\/\/dimedcare.fr\/wordpress\/index.php\/wp-json\/wp\/v2\/users\/7"}],"replies":[{"embeddable":true,"href":"https:\/\/dimedcare.fr\/wordpress\/index.php\/wp-json\/wp\/v2\/comments?post=1203"}],"version-history":[{"count":9,"href":"https:\/\/dimedcare.fr\/wordpress\/index.php\/wp-json\/wp\/v2\/pages\/1203\/revisions"}],"predecessor-version":[{"id":1507,"href":"https:\/\/dimedcare.fr\/wordpress\/index.php\/wp-json\/wp\/v2\/pages\/1203\/revisions\/1507"}],"wp:attachment":[{"href":"https:\/\/dimedcare.fr\/wordpress\/index.php\/wp-json\/wp\/v2\/media?parent=1203"}],"curies":[{"name":"wp","href":"https:\/\/api.w.org\/{rel}","templated":true}]}}